{"id":1363,"date":"2025-06-30T18:18:00","date_gmt":"2025-06-30T18:18:00","guid":{"rendered":"https:\/\/cej.org.mx\/webnueva\/?page_id=1363"},"modified":"2026-02-13T01:56:17","modified_gmt":"2026-02-13T01:56:17","slug":"aire-de-calidad","status":"publish","type":"page","link":"https:\/\/cej.org.mx\/webnueva\/proyectos\/aire-de-calidad\/","title":{"rendered":"Aire de Calidad"},"content":{"rendered":"\n<div class=\"wp-block-group alignfull is-layout-flow wp-block-group-is-layout-flow\" id=\"hero\">\n<div class=\"nfd-stretch-cover-child nfd-bg-gray-800 alignfull wp-block-cover alignwide\" style=\"margin-top:0;margin-bottom:0;padding-top:0;padding-right:0;padding-bottom:0;padding-left:0;min-height:472px;aspect-ratio:unset;\"><img loading=\"lazy\" decoding=\"async\" width=\"1920\" height=\"640\" class=\"wp-block-cover__image-background wp-image-1038 size-full\" alt=\"\" src=\"https:\/\/cej.org.mx\/wp-content\/uploads\/2024\/03\/hero.jpg\" data-object-fit=\"cover\"\/><span aria-hidden=\"true\" class=\"wp-block-cover__background has-palette-color-4-background-color has-background-dim-60 has-background-dim\"><\/span><div class=\"wp-block-cover__inner-container is-layout-flow wp-container-core-cover-is-layout-9659d447 wp-block-cover-is-layout-flow\">\n<div class=\"wp-block-stackable-heading stk-block-heading stk-block-heading--v2 stk-block stk-3268103\" id=\"aire-de-calidad\" data-block-id=\"3268103\"><style>.stk-3268103 {border-style:solid !important;border-color:var(--theme-palette-color-8, #ffffff) !important;border-top-width:5px !important;border-right-width:5px !important;border-bottom-width:5px !important;border-left-width:5px !important;padding-top:var(--stk--preset--spacing--40, 1rem) !important;padding-right:var(--stk--preset--spacing--40, 1rem) !important;padding-bottom:var(--stk--preset--spacing--40, 1rem) !important;padding-left:var(--stk--preset--spacing--40, 1rem) !important;}.stk-3268103 .stk-block-heading__text{font-size:var(--stk--preset--font-size--x-large, 50px) !important;color:var(--theme-palette-color-6, #f9fafb) !important;}@media screen and (max-width:999px){.stk-3268103 .stk-block-heading__text{font-size:var(--stk--preset--font-size--x-large, 50px) !important;}}<\/style><h2 class=\"stk-block-heading__text has-text-color has-text-align-left\">Aire de Calidad<\/h2><\/div>\n<\/div><\/div>\n<\/div>\n\n\n\n<div class=\"nfd-container nfd-p-md nfd-pb-lg is-style-nfd-theme-white wp-block-group is-layout-constrained wp-container-core-group-is-layout-81828466 wp-block-group-is-layout-constrained\">\n<div class=\"nfd-gap-3xl nfd-gap-y-2xl wp-block-columns are-vertically-aligned-center is-layout-flex wp-container-core-columns-is-layout-28f84493 wp-block-columns-is-layout-flex\">\n<div class=\"wp-block-column is-vertically-aligned-center is-layout-flow wp-block-column-is-layout-flow\">\n<figure class=\"nfd-rounded wp-block-image size-full\"><img loading=\"lazy\" decoding=\"async\" width=\"605\" height=\"898\" src=\"https:\/\/cej.org.mx\/wp-content\/uploads\/2025\/06\/PORTADA-1.jpg\" alt=\"\" class=\"wp-image-1311\" style=\"aspect-ratio:3\/4;object-fit:cover\" srcset=\"https:\/\/cej.org.mx\/webnueva\/wp-content\/uploads\/2025\/06\/PORTADA-1.jpg 605w, https:\/\/cej.org.mx\/webnueva\/wp-content\/uploads\/2025\/06\/PORTADA-1-202x300.jpg 202w\" sizes=\"auto, (max-width: 605px) 100vw, 605px\" \/><\/figure>\n<\/div>\n\n\n\n<div class=\"nfd-gap-lg wp-block-column is-vertically-aligned-center is-layout-flow wp-block-column-is-layout-flow\">\n<div class=\"nfd-text-md nfd-gap-lg wp-block-group is-vertical is-content-justification-stretch is-layout-flex wp-container-core-group-is-layout-03ea0e6e wp-block-group-is-layout-flex\">\n<div class=\"wp-block-group is-nowrap is-layout-flex wp-container-core-group-is-layout-6c531013 wp-block-group-is-layout-flex\">\n<div class=\"nfd-shadow-xs nfd-rounded-full nfd-bg-subtle wp-block-group is-layout-constrained wp-container-core-group-is-layout-c4486197 wp-block-group-is-layout-constrained\" style=\"padding-top:6px;padding-right:16px;padding-bottom:6px;padding-left:16px\">\n<p class=\"nfd-text-xs\" style=\"font-style:normal;font-weight:600;text-transform:uppercase\">Aire de calidad<\/p>\n<\/div>\n<\/div>\n\n\n\n<h2 class=\"nfd-text-huge nfd-text-balance nfd-text-primary wp-block-heading\">Un derecho b\u00e1sico<\/h2>\n\n\n\n<p class=\"\">El aire de calidad es un derecho b\u00e1sico para todas y todos. A trav\u00e9s de la investigaci\u00f3n, la difusi\u00f3n y el involucramiento de diferentes actores buscamos gestionar pol\u00edticas p\u00fablicas en el \u00c1rea Metropolitana de Guadalajara, que nos garanticen el aire limpio en lugar de una gesti\u00f3n ben\u00e9vola de los contaminantes riesgos que la exposici\u00f3n constante a estos representa.<\/p>\n\n\n\n<div class=\"wp-block-stackable-columns stk-block-columns stk-block stk-f6779c2\" data-block-id=\"f6779c2\"><div class=\"stk-row stk-inner-blocks stk-block-content stk-content-align stk-f6779c2-column\">\n<div class=\"wp-block-stackable-column stk-block-column stk-column stk-block stk-ba58a43\" data-v=\"4\" data-block-id=\"ba58a43\"><div class=\"stk-column-wrapper stk-block-column__content stk-container stk-ba58a43-container stk--no-background stk--no-padding\"><div class=\"stk-block-content stk-inner-blocks stk-ba58a43-inner-blocks\">\n<div class=\"wp-block-stackable-heading stk-block-heading stk-block-heading--v2 stk-block stk-6be0ba8\" id=\"actividades\" data-block-id=\"6be0ba8\"><style>.stk-6be0ba8 {margin-bottom:6px !important;}<\/style><h2 class=\"stk-block-heading__text\">Actividades<\/h2><\/div>\n\n\n\n<ul class=\"wp-block-list\">\n<li class=\"has-palette-color-4-color has-text-color has-link-color has-medium-font-size wp-elements-799d2ae2ce272190c4d3cd392fa96581\">Preparaci\u00f3n de una l\u00ednea base y mapeo de estudios existentes en salud ambiental y calidad del aire.<\/li>\n\n\n\n<li class=\"has-palette-color-4-color has-text-color has-link-color has-medium-font-size wp-elements-ed62d13f5ead025405f5ad9fea20c91c\">Dise\u00f1o y aplicaci\u00f3n de la investigaci\u00f3n y recopilaci\u00f3n de evidencias que relacionen la informaci\u00f3n de calidad del aire con la informaci\u00f3n de las semanas epidemiol\u00f3gicas.<\/li>\n\n\n\n<li class=\"has-palette-color-4-color has-text-color has-link-color has-medium-font-size wp-elements-9916d3ac1a68687b90eaf431b814913d\">Preparaci\u00f3n y aplicaci\u00f3n de una encuesta de percepci\u00f3n de riesgo en dos etapas, sobre la calidad del aire y sus efectos en la salud p\u00fablica. P\u00fablico objetivo: padres de familia, maestros de educaci\u00f3n b\u00e1sica y pediatras.<\/li>\n<\/ul>\n<\/div><\/div><\/div>\n<\/div><\/div>\n<\/div>\n\n\n\n<div style=\"height:7px\" aria-hidden=\"true\" class=\"wp-block-spacer\"><\/div>\n<\/div>\n<\/div>\n<\/div>\n\n\n\n<div class=\"wp-block-stackable-columns stk-block-columns stk-block stk-e710fec\" data-block-id=\"e710fec\"><div class=\"stk-row stk-inner-blocks stk-block-content stk-content-align stk-e710fec-column\">\n<div class=\"wp-block-stackable-column stk-block-column stk-column stk-block stk-2e94af6\" data-v=\"4\" data-block-id=\"2e94af6\"><div class=\"stk-column-wrapper stk-block-column__content stk-container stk-2e94af6-container stk--no-background stk--no-padding\"><div class=\"stk-block-content stk-inner-blocks stk-2e94af6-inner-blocks\">\n<div class=\"wp-block-stackable-image stk-block-image stk--hide-mobile stk-block stk-ecf5ce3\" data-block-id=\"ecf5ce3\"><style>.stk-ecf5ce3 .stk-img-wrapper{width:1249px !important;height:925px !important;}.stk-ecf5ce3 .stk-img-wrapper img{transform:scale(1) !important;}@media screen and (max-width:999px){.stk-ecf5ce3 .stk-img-wrapper{aspect-ratio:9\/16 !important;width:1250px !important;height:875px !important;}}@media screen and (max-width:689px){.stk-ecf5ce3 {overflow:visible !important;}.stk-ecf5ce3 .stk-img-wrapper img{object-fit:contain !important;}}<\/style><figure><span class=\"stk-img-wrapper stk-image--shape-stretch\"><img loading=\"lazy\" decoding=\"async\" class=\"stk-img wp-image-1669\" src=\"https:\/\/cej.org.mx\/wp-content\/uploads\/2025\/07\/Captura-de-pantalla-2025-06-30-193855.png\" width=\"789\" height=\"585\" srcset=\"https:\/\/cej.org.mx\/webnueva\/wp-content\/uploads\/2025\/07\/Captura-de-pantalla-2025-06-30-193855.png 789w, https:\/\/cej.org.mx\/webnueva\/wp-content\/uploads\/2025\/07\/Captura-de-pantalla-2025-06-30-193855-300x222.png 300w, https:\/\/cej.org.mx\/webnueva\/wp-content\/uploads\/2025\/07\/Captura-de-pantalla-2025-06-30-193855-768x569.png 768w\" sizes=\"auto, (max-width: 789px) 100vw, 789px\" \/><\/span><\/figure><\/div>\n<\/div><\/div><\/div>\n<\/div><\/div>\n","protected":false},"excerpt":{"rendered":"<p>Aire de calidad Un derecho b\u00e1sico El aire de calidad es un derecho b\u00e1sico para todas y todos. A trav\u00e9s de la investigaci\u00f3n, la difusi\u00f3n y el involucramiento de diferentes actores buscamos gestionar pol\u00edticas p\u00fablicas en el \u00c1rea Metropolitana de Guadalajara, que nos garanticen el aire limpio en lugar de una gesti\u00f3n ben\u00e9vola de los [&hellip;]<\/p>\n","protected":false},"author":1,"featured_media":0,"parent":717,"menu_order":0,"comment_status":"closed","ping_status":"closed","template":"","meta":{"nf_dc_page":"","footnotes":""},"class_list":["post-1363","page","type-page","status-publish","hentry"],"blocksy_meta":[],"_links":{"self":[{"href":"https:\/\/cej.org.mx\/webnueva\/wp-json\/wp\/v2\/pages\/1363","targetHints":{"allow":["GET"]}}],"collection":[{"href":"https:\/\/cej.org.mx\/webnueva\/wp-json\/wp\/v2\/pages"}],"about":[{"href":"https:\/\/cej.org.mx\/webnueva\/wp-json\/wp\/v2\/types\/page"}],"author":[{"embeddable":true,"href":"https:\/\/cej.org.mx\/webnueva\/wp-json\/wp\/v2\/users\/1"}],"replies":[{"embeddable":true,"href":"https:\/\/cej.org.mx\/webnueva\/wp-json\/wp\/v2\/comments?post=1363"}],"version-history":[{"count":11,"href":"https:\/\/cej.org.mx\/webnueva\/wp-json\/wp\/v2\/pages\/1363\/revisions"}],"predecessor-version":[{"id":1947,"href":"https:\/\/cej.org.mx\/webnueva\/wp-json\/wp\/v2\/pages\/1363\/revisions\/1947"}],"up":[{"embeddable":true,"href":"https:\/\/cej.org.mx\/webnueva\/wp-json\/wp\/v2\/pages\/717"}],"wp:attachment":[{"href":"https:\/\/cej.org.mx\/webnueva\/wp-json\/wp\/v2\/media?parent=1363"}],"curies":[{"name":"wp","href":"https:\/\/api.w.org\/{rel}","templated":true}]}}

<div class="wp-block-group alignfull is-layout-flow wp-block-group-is-layout-flow" id="hero">
<div class="nfd-stretch-cover-child nfd-bg-gray-800 alignfull wp-block-cover alignwide" style="margin-top:0;margin-bottom:0;padding-top:0;padding-right:0;padding-bottom:0;padding-left:0;min-height:472px;aspect-ratio:unset;"><img loading="lazy" decoding="async" width="1920" height="640" class="wp-block-cover__image-background wp-image-1038 size-full" alt="" src="https://cej.org.mx/wp-content/uploads/2024/03/hero.jpg" data-object-fit="cover"/><span aria-hidden="true" class="wp-block-cover__background has-palette-color-4-background-color has-background-dim-60 has-background-dim"></span><div class="wp-block-cover__inner-container is-layout-flow wp-container-core-cover-is-layout-9659d447 wp-block-cover-is-layout-flow">
<div class="wp-block-stackable-heading stk-block-heading stk-block-heading--v2 stk-block stk-3268103" id="aire-de-calidad" data-block-id="3268103"><style>.stk-3268103 {border-style:solid !important;border-color:var(--theme-palette-color-8, #ffffff) !important;border-top-width:5px !important;border-right-width:5px !important;border-bottom-width:5px !important;border-left-width:5px !important;padding-top:var(--stk--preset--spacing--40, 1rem) !important;padding-right:var(--stk--preset--spacing--40, 1rem) !important;padding-bottom:var(--stk--preset--spacing--40, 1rem) !important;padding-left:var(--stk--preset--spacing--40, 1rem) !important;}.stk-3268103 .stk-block-heading__text{font-size:var(--stk--preset--font-size--x-large, 50px) !important;color:var(--theme-palette-color-6, #f9fafb) !important;}@media screen and (max-width:999px){.stk-3268103 .stk-block-heading__text{font-size:var(--stk--preset--font-size--x-large, 50px) !important;}}</style><h2 class="stk-block-heading__text has-text-color has-text-align-left">Aire de Calidad</h2></div>
</div></div>
</div>



<div class="nfd-container nfd-p-md nfd-pb-lg is-style-nfd-theme-white wp-block-group is-layout-constrained wp-container-core-group-is-layout-81828466 wp-block-group-is-layout-constrained">
<div class="nfd-gap-3xl nfd-gap-y-2xl wp-block-columns are-vertically-aligned-center is-layout-flex wp-container-core-columns-is-layout-28f84493 wp-block-columns-is-layout-flex">
<div class="wp-block-column is-vertically-aligned-center is-layout-flow wp-block-column-is-layout-flow">
<figure class="nfd-rounded wp-block-image size-full"><img loading="lazy" decoding="async" width="605" height="898" src="https://cej.org.mx/wp-content/uploads/2025/06/PORTADA-1.jpg" alt="" class="wp-image-1311" style="aspect-ratio:3/4;object-fit:cover" srcset="https://cej.org.mx/webnueva/wp-content/uploads/2025/06/PORTADA-1.jpg 605w, https://cej.org.mx/webnueva/wp-content/uploads/2025/06/PORTADA-1-202x300.jpg 202w" sizes="auto, (max-width: 605px) 100vw, 605px" /></figure>
</div>



<div class="nfd-gap-lg wp-block-column is-vertically-aligned-center is-layout-flow wp-block-column-is-layout-flow">
<div class="nfd-text-md nfd-gap-lg wp-block-group is-vertical is-content-justification-stretch is-layout-flex wp-container-core-group-is-layout-03ea0e6e wp-block-group-is-layout-flex">
<div class="wp-block-group is-nowrap is-layout-flex wp-container-core-group-is-layout-6c531013 wp-block-group-is-layout-flex">
<div class="nfd-shadow-xs nfd-rounded-full nfd-bg-subtle wp-block-group is-layout-constrained wp-container-core-group-is-layout-c4486197 wp-block-group-is-layout-constrained" style="padding-top:6px;padding-right:16px;padding-bottom:6px;padding-left:16px">
<p class="nfd-text-xs" style="font-style:normal;font-weight:600;text-transform:uppercase">Aire de calidad</p>
</div>
</div>



<h2 class="nfd-text-huge nfd-text-balance nfd-text-primary wp-block-heading">Un derecho básico</h2>



<p class="">El aire de calidad es un derecho básico para todas y todos. A través de la investigación, la difusión y el involucramiento de diferentes actores buscamos gestionar políticas públicas en el Área Metropolitana de Guadalajara, que nos garanticen el aire limpio en lugar de una gestión benévola de los contaminantes riesgos que la exposición constante a estos representa.</p>



<div class="wp-block-stackable-columns stk-block-columns stk-block stk-f6779c2" data-block-id="f6779c2"><div class="stk-row stk-inner-blocks stk-block-content stk-content-align stk-f6779c2-column">
<div class="wp-block-stackable-column stk-block-column stk-column stk-block stk-ba58a43" data-v="4" data-block-id="ba58a43"><div class="stk-column-wrapper stk-block-column__content stk-container stk-ba58a43-container stk--no-background stk--no-padding"><div class="stk-block-content stk-inner-blocks stk-ba58a43-inner-blocks">
<div class="wp-block-stackable-heading stk-block-heading stk-block-heading--v2 stk-block stk-6be0ba8" id="actividades" data-block-id="6be0ba8"><style>.stk-6be0ba8 {margin-bottom:6px !important;}</style><h2 class="stk-block-heading__text">Actividades</h2></div>



<ul class="wp-block-list">
<li class="has-palette-color-4-color has-text-color has-link-color has-medium-font-size wp-elements-799d2ae2ce272190c4d3cd392fa96581">Preparación de una línea base y mapeo de estudios existentes en salud ambiental y calidad del aire.</li>



<li class="has-palette-color-4-color has-text-color has-link-color has-medium-font-size wp-elements-ed62d13f5ead025405f5ad9fea20c91c">Diseño y aplicación de la investigación y recopilación de evidencias que relacionen la información de calidad del aire con la información de las semanas epidemiológicas.</li>



<li class="has-palette-color-4-color has-text-color has-link-color has-medium-font-size wp-elements-9916d3ac1a68687b90eaf431b814913d">Preparación y aplicación de una encuesta de percepción de riesgo en dos etapas, sobre la calidad del aire y sus efectos en la salud pública. Público objetivo: padres de familia, maestros de educación básica y pediatras.</li>
</ul>
</div></div></div>
</div></div>
</div>



<div style="height:7px" aria-hidden="true" class="wp-block-spacer"></div>
</div>
</div>
</div>



<div class="wp-block-stackable-columns stk-block-columns stk-block stk-e710fec" data-block-id="e710fec"><div class="stk-row stk-inner-blocks stk-block-content stk-content-align stk-e710fec-column">
<div class="wp-block-stackable-column stk-block-column stk-column stk-block stk-2e94af6" data-v="4" data-block-id="2e94af6"><div class="stk-column-wrapper stk-block-column__content stk-container stk-2e94af6-container stk--no-background stk--no-padding"><div class="stk-block-content stk-inner-blocks stk-2e94af6-inner-blocks">
<div class="wp-block-stackable-image stk-block-image stk--hide-mobile stk-block stk-ecf5ce3" data-block-id="ecf5ce3"><style>.stk-ecf5ce3 .stk-img-wrapper{width:1249px !important;height:925px !important;}.stk-ecf5ce3 .stk-img-wrapper img{transform:scale(1) !important;}@media screen and (max-width:999px){.stk-ecf5ce3 .stk-img-wrapper{aspect-ratio:9/16 !important;width:1250px !important;height:875px !important;}}@media screen and (max-width:689px){.stk-ecf5ce3 {overflow:visible !important;}.stk-ecf5ce3 .stk-img-wrapper img{object-fit:contain !important;}}</style><figure><span class="stk-img-wrapper stk-image--shape-stretch"><img loading="lazy" decoding="async" class="stk-img wp-image-1669" src="https://cej.org.mx/wp-content/uploads/2025/07/Captura-de-pantalla-2025-06-30-193855.png" width="789" height="585" srcset="https://cej.org.mx/webnueva/wp-content/uploads/2025/07/Captura-de-pantalla-2025-06-30-193855.png 789w, https://cej.org.mx/webnueva/wp-content/uploads/2025/07/Captura-de-pantalla-2025-06-30-193855-300x222.png 300w, https://cej.org.mx/webnueva/wp-content/uploads/2025/07/Captura-de-pantalla-2025-06-30-193855-768x569.png 768w" sizes="auto, (max-width: 789px) 100vw, 789px" /></span></figure></div>
</div></div></div>
</div></div>

<p>Aire de calidad Un derecho básico El aire de calidad es un derecho básico para todas y todos. A través de la investigación, la difusión y el involucramiento de diferentes actores buscamos gestionar políticas públicas en el Área Metropolitana de Guadalajara, que nos garanticen el aire limpio en lugar de una gestión benévola de los [&hellip;]</p>
